d 8208.
38
Calculate the highest common factor of 8772700 and 186850.
1850
Calculate the highest common divisor of 28330635 and 2985.
2985
What is the highest common factor of 2469 and 66921?
3
What is the greatest common factor of 87506398 and 14?
14
Calculate the highest common divisor of 753929 and 220.
11
What is the greatest common divisor of 7554 and 110770597?
1259
Calculate the greatest common factor of 2535240 and 28416.
888
Calculate the highest common divisor of 60 and 11085380.
20
Calculate the greatest common factor of 98578 and 21482.
46
Calculate the greatest common factor of 3496 and 2038904.
184
What is the greatest common factor of 30498 and 136952?
34
What is the greatest common factor of 127984 and 316616?
152
Calculate the greatest common factor of 19001561 and 1448.
181
What is the highest common divisor of 5803 and 1224995891?
5803
Calculate the highest common divisor of 75987425 and 75.
25
What is the greatest common factor of 1299658720 and 4215?
1405
Calculate the greatest common divisor of 939 and 1786976157.
939
What is the highest common divisor of 64 and 9167328?
32
What is the highest common divisor of 252 and 77208040?
28
What is the greatest common factor of 6041683 and 1264?
79
Calculate the greatest common factor of 12246 and 4132869.
39
Calculate the highest common factor of 14742 and 785694.
546
Calculate the highest common factor of 19371 and 810.
3
What is the greatest common divisor of 12246 and 2328624?
942
What is the highest common factor of 189036 and 549468?
36
What is the greatest common factor of 1690040 and 98164?
1012
What is the greatest common divisor of 379134 and 4998?
714
What is the greatest common factor of 39456186 and 41?
41
What is the highest common factor of 2817982160 and 370?
370
Calculate the greatest common divisor of 28531 and 2587180.
277
Calculate the highest common divisor of 2196211 and 38862.
127
What is the highest common factor of 6128 and 1446846844?
1532
Calculate the highest common factor of 7059380 and 13120.
820
What is the highest common factor of 21353839 and 32383?
611
What is the highest common factor of 376 and 4402952?
8
Calculate the highest common factor of 14749885 and 1195.
1195
What is the highest common divisor of 140 and 24991140?
20
What is the greatest common divisor of 80360 and 22161720?
1960
What is the greatest common divisor of 19005 and 3293295?
2715
What is the greatest common factor of 51 and 2024615?
17
What is the greatest common factor of 1348855 and 808?
101
What is the greatest common factor of 321122 and 269546?
614
Calculate the greatest common divisor of 1176 and 165029256.
1176
What is the greatest common divisor of 256956 and 455406?
294
Calculate the greatest common factor of 1525 and 3554531.
61
What is the highest common divisor of 53066 and 1365586?
314
What is the highest common factor of 162 and 936891?
9
What is the highest common divisor of 2155358 and 11?
1
What is the highest common factor of 1036 and 959447?
37
What is the highest common factor of 3082902 and 912?
114
What is the greatest common divisor of 3960144 and 3293?
89
Calculate the greatest common divisor of 767 and 137521330.
59
Calculate the highest common factor of 878879 and 524.
131
Calculate the greatest common divisor of 1400 and 224182200.
200
Calculate the highest common factor of 198701524 and 329.
329
Calculate the greatest common factor of 2952 and 268350822.
738
Calculate the highest common divisor of 396276 and 147.
3
Calculate the greatest common factor of 24606 and 286596.
18
Calculate the highest common factor of 54 and 1459228.
2
Calculate the highest common factor of 80090 and 53260.
10
What is the greatest common factor of 40489218 and 1834?
1834
Calculate the highest common factor of 2028 and 154524.
12
Calculate the greatest common factor of 1971275 and 267525.
725
What is the highest common factor of 23487369 and 1121?
59
Calculate the highest common factor of 1414712 and 663202.
446
What is the greatest common divisor of 56430 and 185181030?
1710
Calculate the greatest common factor of 1078941 and 67875.
543
Calculate the greatest common factor of 252791 and 10751356.
5159
What is the greatest common factor of 256 and 4238912?
64
Calculate the highest common divisor of 12608847 and 303924.
3999
Calculate the greatest common factor of 3138 and 133618132.
1046
What is the greatest common divisor of 26435 and 2274430?
85
Calculate the highest common factor of 125718000 and 8000.
2000
Calculate the highest common divisor of 1231338548 and 1672.
836
Calculate the highest common factor of 40 and 459777464.
8
What is the greatest common divisor of 1895 and 56798077?
379
What is the greatest common divisor of 50 and 17030525?
25
What is the highest common divisor of 871824 and 13407?
123
What is the highest common factor of 10116730 and 11446?
118
What is the highest common factor of 949 and 56847947?
949
What is the greatest common factor of 305 and 23439433?
61
What is the greatest common divisor of 9809478 and 8127?
189
What is the greatest common divisor of 11912866 and 294?
14
Calculate the greatest common divisor of 148538 and 2171728.
5122
What is the greatest common factor of 1 and 198071?
1
What is the greatest common divisor of 431 and 44270165?
431
What is the greatest common factor of 4551 and 448033?
37
What is the greatest common factor of 194828234 and 1618?
1618
Calculate the greatest common factor of 9002470 and 11746.
1678
What is the highest common factor of 36085274 and 32818?
538
What is the greatest common factor of 113200 and 701200?
400
What is the greatest common factor of 1 and 5332954?
1
Calculate the greatest common divisor of 360 and 19718118.
18
Calculate the greatest common divisor of 65579570 and 465.
155
Calculate the highest common factor of 37175814 and 26.
26
What is the greatest common factor of 32315062 and 9705?
647
What is the greatest common factor of 48 and 30744304?
16
What is the greatest common factor of 156620984 and 18860?
3772
Calculate the greatest common divisor of 1452525 and 17775.
75
Calculate the greatest common divisor of 438 and 3533638.
146
What is the highest common divisor of 5229264 and 96?
48
Calculate the greatest common divisor of 16317 and 62345.
37
Calculate the highest common divisor of 1550 and 20504609.
31
What is the greatest common divisor of 1737107625 and 746?
373
Calculate the highest common factor of 696 and 2360064.
24
Calculate the highest common divisor of 105 and 34994540.
35
What is the highest common factor of 10088 and 66027221?
1261
Calculate the greatest common divisor of 1926691 and 104.
13
What is the highest common factor of 8850 and 2686388?
118
Calculate the greatest common factor of 478338468 and 60.
12
Calculate the greatest common factor of 179723 and 14787.
53
Calculate the highest common divisor of 2039954 and 10640.
266
What is the greatest common factor of 30940 and 7011480?
2380
What is the greatest common divisor of 20630 and 5230?
10
Calculate the highest common divisor of 5635221 and 12.
3
What is the highest common divisor of 476784 and 5041449?
2709
Calculate the highest common divisor of 47635107 and 1491.
213
What is the highest common divisor of 348 and 1024212?
12
What is the greatest common factor of 571921973 and 1462?
731
Calculate the highest common divisor of 3149498 and 8.
2
Calculate the highest common divisor of 306 and 39465432.
306
What is the highest common divisor of 16048 and 92560852?
4012
Calculate the highest common divisor of 174020047 and 69.
23
Calculate the highest common factor of 408 and 1243720.
136
Calculate the highest common divisor of 5030 and 347570.
10
What is the greatest common factor of 40958976 and 16?
16
What is the highest common factor of 9550 and 342150?
50
What is the highest common divisor of 1358195 and 6480?
5
What is the highest common divisor of 35881363 and 14?
7
What is the greatest common divisor of 82946 and 2416576?
1238
What is the highest common factor of 7792533 and 4995?
333
What is the greatest common factor of 55283201 and 272?
17
Calculate the highest common factor of 119 and 726512.
17
Calculate the highest common factor of 12973905 and 420.
105
What is the greatest common divisor of 69